{"id":141,"date":"2026-02-13T10:38:51","date_gmt":"2026-02-13T10:38:51","guid":{"rendered":"https:\/\/sgerhverv.dk\/?page_id=141"},"modified":"2026-02-13T11:25:38","modified_gmt":"2026-02-13T11:25:38","slug":"astrup-erhvervsudlejning","status":"publish","type":"page","link":"https:\/\/sgerhverv.dk\/?page_id=141","title":{"rendered":"Astrup Erhvervsudlejning"},"content":{"rendered":"\n<h1 class=\"wp-block-heading has-text-align-center\"><strong>Astrup Erhvervsudlejning<\/strong><\/h1>\n\n\n\n<figure class=\"wp-block-gallery has-nested-images columns-default is-cropped wp-block-gallery-1 is-layout-flex wp-block-gallery-is-layout-flex\">\n<figure class=\"wp-block-image size-large\"><img fetchpriority=\"high\" decoding=\"async\" width=\"1024\" height=\"724\" data-id=\"142\" src=\"https:\/\/sgerhverv.dk\/wp-content\/uploads\/2026\/02\/Annonce-2026-1024x724.jpg\" alt=\"\" class=\"wp-image-142\" srcset=\"https:\/\/sgerhverv.dk\/wp-content\/uploads\/2026\/02\/Annonce-2026-1024x724.jpg 1024w, https:\/\/sgerhverv.dk\/wp-content\/uploads\/2026\/02\/Annonce-2026-300x212.jpg 300w, https:\/\/sgerhverv.dk\/wp-content\/uploads\/2026\/02\/Annonce-2026-768x543.jpg 768w, https:\/\/sgerhverv.dk\/wp-content\/uploads\/2026\/02\/Annonce-2026-1536x1086.jpg 1536w, https:\/\/sgerhverv.dk\/wp-content\/uploads\/2026\/02\/Annonce-2026.jpg 1754w\" sizes=\"(max-width: 1024px) 100vw, 1024px\" \/><\/figure>\n\n\n\n<figure class=\"wp-block-image size-large\"><img decoding=\"async\" width=\"1024\" height=\"724\" data-id=\"143\" src=\"https:\/\/sgerhverv.dk\/wp-content\/uploads\/2026\/02\/Annonce-2026-gamlebil-billede-1024x724.jpg\" alt=\"\" class=\"wp-image-143\" srcset=\"https:\/\/sgerhverv.dk\/wp-content\/uploads\/2026\/02\/Annonce-2026-gamlebil-billede-1024x724.jpg 1024w, https:\/\/sgerhverv.dk\/wp-content\/uploads\/2026\/02\/Annonce-2026-gamlebil-billede-300x212.jpg 300w, https:\/\/sgerhverv.dk\/wp-content\/uploads\/2026\/02\/Annonce-2026-gamlebil-billede-768x543.jpg 768w, https:\/\/sgerhverv.dk\/wp-content\/uploads\/2026\/02\/Annonce-2026-gamlebil-billede-1536x1086.jpg 1536w, https:\/\/sgerhverv.dk\/wp-content\/uploads\/2026\/02\/Annonce-2026-gamlebil-billede.jpg 1754w\" sizes=\"(max-width: 1024px) 100vw, 1024px\" \/><\/figure>\n\n\n\n<figure class=\"wp-block-image size-large\"><img decoding=\"async\" width=\"1024\" height=\"724\" data-id=\"144\" src=\"https:\/\/sgerhverv.dk\/wp-content\/uploads\/2026\/02\/Annonce-2026-smartbil-billede-1024x724.jpg\" alt=\"\" class=\"wp-image-144\" srcset=\"https:\/\/sgerhverv.dk\/wp-content\/uploads\/2026\/02\/Annonce-2026-smartbil-billede-1024x724.jpg 1024w, https:\/\/sgerhverv.dk\/wp-content\/uploads\/2026\/02\/Annonce-2026-smartbil-billede-300x212.jpg 300w, https:\/\/sgerhverv.dk\/wp-content\/uploads\/2026\/02\/Annonce-2026-smartbil-billede-768x543.jpg 768w, https:\/\/sgerhverv.dk\/wp-content\/uploads\/2026\/02\/Annonce-2026-smartbil-billede-1536x1086.jpg 1536w, https:\/\/sgerhverv.dk\/wp-content\/uploads\/2026\/02\/Annonce-2026-smartbil-billede.jpg 1754w\" sizes=\"(max-width: 1024px) 100vw, 1024px\" \/><\/figure>\n<\/figure>\n\n\n\n<h2 class=\"wp-block-heading has-text-align-center\">Lager, v\u00e6rksted eller bare opbevaring.<\/h2>\n\n\n\n<p class=\"has-text-align-center\">Er du h\u00e5ndv\u00e6rker eller skurer p\u00e5 veteranbiler eller noget helt andet, s\u00e5 har vi lokalerne.<\/p>\n\n\n\n<p class=\"has-text-align-center\">Denne unikke mulighed, hvor der er garanteret varme \u00e5ret rundt, er inkl. en minimumvarme i lejen (altid frostfri). \u00d8nsker man en h\u00f8jere varme, kan det ogs\u00e5 lade sig g\u00f8re mod en merpris.<\/p>\n\n\n\n<p class=\"has-text-align-center\">Vi har lokaler i mange st\u00f8rrelser; p\u00e5 denne lokation er de fra 8 m2 til 300 m\u00b2. Alle er aflukket og selvst\u00e6ndige lokaler med egen indgang og fra 85 m2 og opefter er der egen rulleport p\u00e5 3 x 2,5 m.<\/p>\n\n\n\n<ul class=\"wp-block-list\">\n<li>Gode tilk\u00f8rselsforhold<\/li>\n\n\n\n<li>Alle rum er opvarmede med en garanteret varme \u00e5ret rundt.<\/li>\n\n\n\n<li>Rummene er aflukket uden adgang til hinanden.<\/li>\n\n\n\n<li>Der er vand, lys, 220 og 16 amp stik i alle rum<\/li>\n\n\n\n<li>Vand og el bliver afregnet separat efter bi-m\u00e5ler.<\/li>\n\n\n\n<li>Der er afl\u00f8b i alle rum og en vask med vandhane.<\/li>\n\n\n\n<li>Videooverv\u00e5gnet omr\u00e5de.<\/li>\n<\/ul>\n\n\n\n<p class=\"has-text-align-center\">Pris fra 450 kr. pr. m\u00e5ned i husleje og op efter, alt efter st\u00f8rrelse, (prisen er baseret p\u00e5 forudg\u00e5ende kvartalsvis betaling). Rabat ved 12 m\u00e5neders binding.<\/p>\n\n\n\n<div class=\"wp-block-media-text has-media-on-the-right is-stacked-on-mobile\" style=\"grid-template-columns:auto 20%\"><div class=\"wp-block-media-text__content\">\n<h1 class=\"wp-block-heading has-text-align-right has-x-large-font-size\"><strong>Mobil: 22 15 31 85<\/strong><\/h1>\n\n\n\n<h2 class=\"wp-block-heading has-text-align-right has-large-font-size\">E-mail: erhverv@sgerhverv.dk<\/h2>\n\n\n\n<h2 class=\"wp-block-heading has-text-align-right\">Peter Frederiksen<\/h2>\n<\/div><figure class=\"wp-block-media-text__media\"><img loading=\"lazy\" decoding=\"async\" width=\"683\" height=\"1024\" src=\"https:\/\/sgerhverv.dk\/wp-content\/uploads\/2026\/02\/ChatGPT-Image-13.-feb.-2026-11.58.57-683x1024.png\" alt=\"\" class=\"wp-image-158 size-full\" srcset=\"https:\/\/sgerhverv.dk\/wp-content\/uploads\/2026\/02\/ChatGPT-Image-13.-feb.-2026-11.58.57-683x1024.png 683w, https:\/\/sgerhverv.dk\/wp-content\/uploads\/2026\/02\/ChatGPT-Image-13.-feb.-2026-11.58.57-200x300.png 200w, https:\/\/sgerhverv.dk\/wp-content\/uploads\/2026\/02\/ChatGPT-Image-13.-feb.-2026-11.58.57-768x1152.png 768w, https:\/\/sgerhverv.dk\/wp-content\/uploads\/2026\/02\/ChatGPT-Image-13.-feb.-2026-11.58.57.png 1024w\" sizes=\"(max-width: 683px) 100vw, 683px\" \/><\/figure><\/div>\n\n\n\n<p><\/p>\n","protected":false},"excerpt":{"rendered":"<p>Astrup Erhvervsudlejning Lager, v\u00e6rksted eller bare opbevaring. Er du h\u00e5ndv\u00e6rker eller skurer p\u00e5 veteranbiler eller noget helt andet, s\u00e5 har vi lokalerne. Denne unikke mulighed, hvor der er garanteret varme \u00e5ret rundt, er inkl. en minimumvarme i lejen (altid frostfri). \u00d8nsker man en h\u00f8jere varme, kan det ogs\u00e5 lade sig g\u00f8re mod en merpris. Vi [&hellip;]<\/p>\n","protected":false},"author":2,"featured_media":0,"parent":0,"menu_order":0,"comment_status":"closed","ping_status":"closed","template":"","meta":{"footnotes":""},"class_list":["post-141","page","type-page","status-publish","hentry"],"_links":{"self":[{"href":"https:\/\/sgerhverv.dk\/index.php?rest_route=\/wp\/v2\/pages\/141","targetHints":{"allow":["GET"]}}],"collection":[{"href":"https:\/\/sgerhverv.dk\/index.php?rest_route=\/wp\/v2\/pages"}],"about":[{"href":"https:\/\/sgerhverv.dk\/index.php?rest_route=\/wp\/v2\/types\/page"}],"author":[{"embeddable":true,"href":"https:\/\/sgerhverv.dk\/index.php?rest_route=\/wp\/v2\/users\/2"}],"replies":[{"embeddable":true,"href":"https:\/\/sgerhverv.dk\/index.php?rest_route=%2Fwp%2Fv2%2Fcomments&post=141"}],"version-history":[{"count":14,"href":"https:\/\/sgerhverv.dk\/index.php?rest_route=\/wp\/v2\/pages\/141\/revisions"}],"predecessor-version":[{"id":168,"href":"https:\/\/sgerhverv.dk\/index.php?rest_route=\/wp\/v2\/pages\/141\/revisions\/168"}],"wp:attachment":[{"href":"https:\/\/sgerhverv.dk\/index.php?rest_route=%2Fwp%2Fv2%2Fmedia&parent=141"}],"curies":[{"name":"wp","href":"https:\/\/api.w.org\/{rel}","templated":true}]}}